{"id":25,"date":"2023-08-04T02:31:22","date_gmt":"2023-08-04T02:31:22","guid":{"rendered":"https:\/\/nueva.primariajuanadeasbaje.com.mx\/?page_id=25"},"modified":"2023-08-07T05:04:47","modified_gmt":"2023-08-07T05:04:47","slug":"oracion-diaria","status":"publish","type":"page","link":"https:\/\/primariajuanadeasbaje.com.mx\/index.php\/oracion-diaria\/","title":{"rendered":"Oraci\u00f3n Diaria"},"content":{"rendered":"<p>[et_pb_section fb_built=\u00bb1&#8243; fullwidth=\u00bbon\u00bb _builder_version=\u00bb4.21.2&#8243; _module_preset=\u00bbdefault\u00bb global_colors_info=\u00bb{}\u00bb][et_pb_fullwidth_image src=\u00bbhttps:\/\/primariajuanadeasbaje.com.mx\/wp-content\/uploads\/2023\/08\/Cristo-Rey.png\u00bb alt=\u00bbCristo-Rey\u00bb title_text=\u00bbCristo-Rey\u00bb _builder_version=\u00bb4.21.2&#8243; _module_preset=\u00bbdefault\u00bb global_colors_info=\u00bb{}\u00bb][\/et_pb_fullwidth_image][\/et_pb_section][et_pb_section fb_built=\u00bb1&#8243; _builder_version=\u00bb4.21.2&#8243; _module_preset=\u00bbdefault\u00bb locked=\u00bboff\u00bb global_colors_info=\u00bb{}\u00bb][et_pb_row _builder_version=\u00bb4.16&#8243; locked=\u00bboff\u00bb global_colors_info=\u00bb{}\u00bb][et_pb_column type=\u00bb4_4&#8243; _builder_version=\u00bb4.16&#8243; custom_padding=\u00bb|||\u00bb global_colors_info=\u00bb{}\u00bb custom_padding__hover=\u00bb|||\u00bb][et_pb_text _builder_version=\u00bb4.21.2&#8243; text_font=\u00bb||||||||\u00bb header_font=\u00bb||||||||\u00bb header_2_font=\u00bbFredoka One||||||||\u00bb header_2_font_size=\u00bb60px\u00bb header_2_line_height=\u00bb1.2em\u00bb text_orientation=\u00bbcenter\u00bb header_2_font_size_tablet=\u00bb50px\u00bb header_2_font_size_phone=\u00bb30px\u00bb header_2_font_size_last_edited=\u00bbon|phone\u00bb locked=\u00bboff\u00bb global_colors_info=\u00bb{}\u00bb]<\/p>\n<h2><span>Oraci\u00f3n diaria<\/span><\/h2>\n<p>[\/et_pb_text][\/et_pb_column][\/et_pb_row][et_pb_row column_structure=\u00bb3_5,2_5&#8243; _builder_version=\u00bb4.21.2&#8243; module_alignment=\u00bbcenter\u00bb locked=\u00bboff\u00bb global_colors_info=\u00bb{}\u00bb][et_pb_column type=\u00bb3_5&#8243; _builder_version=\u00bb4.16&#8243; custom_padding=\u00bb|||\u00bb global_colors_info=\u00bb{}\u00bb custom_padding__hover=\u00bb|||\u00bb][et_pb_text _builder_version=\u00bb4.21.2&#8243; text_font=\u00bb||||||||\u00bb text_font_size=\u00bb16px\u00bb text_line_height=\u00bb2em\u00bb header_font=\u00bb||||||||\u00bb header_2_text_align=\u00bbcenter\u00bb header_2_letter_spacing=\u00bb1px\u00bb header_2_line_height=\u00bb1.3em\u00bb header_3_line_height=\u00bb1.4em\u00bb header_6_font=\u00bb||||||||\u00bb text_orientation=\u00bbcenter\u00bb max_width=\u00bb800px\u00bb module_alignment=\u00bbcenter\u00bb text_font_size_tablet=\u00bb\u00bb text_font_size_phone=\u00bb14px\u00bb text_font_size_last_edited=\u00bbon|phone\u00bb locked=\u00bboff\u00bb global_colors_info=\u00bb{}\u00bb]<\/p>\n<p><span style=\"font-size: 22px;\"><\/span><\/p>\n<h3><span>Todos los d\u00edas a las 12:00 p.m.<\/span><\/h3>\n<p><span><\/span><\/p>\n<p><span><strong>SE DAN TRES TOQUES DE CAMPANA Y TODOS SE PONEN DE PIE.<\/strong><\/span><\/p>\n<p>[\/et_pb_text][\/et_pb_column][et_pb_column type=\u00bb2_5&#8243; _builder_version=\u00bb4.21.2&#8243; custom_padding=\u00bb|||\u00bb global_colors_info=\u00bb{}\u00bb custom_padding__hover=\u00bb|||\u00bb][et_pb_button button_url=\u00bbhttps:\/\/primariajuanadeasbaje.com.mx\/wp-content\/uploads\/2023\/08\/Oracion-Diaria.pdf\u00bb button_text=\u00bbDescargar\u00bb button_alignment=\u00bbcenter\u00bb _builder_version=\u00bb4.21.2&#8243; _module_preset=\u00bbdefault\u00bb global_colors_info=\u00bb{}\u00bb][\/et_pb_button][\/et_pb_column][\/et_pb_row][et_pb_row _builder_version=\u00bb4.16&#8243; locked=\u00bboff\u00bb global_colors_info=\u00bb{}\u00bb][et_pb_column type=\u00bb4_4&#8243; _builder_version=\u00bb4.16&#8243; custom_padding=\u00bb|||\u00bb global_colors_info=\u00bb{}\u00bb custom_padding__hover=\u00bb|||\u00bb][et_pb_text _builder_version=\u00bb4.21.2&#8243; text_font=\u00bb||||||||\u00bb text_font_size=\u00bb16px\u00bb text_line_height=\u00bb2em\u00bb header_font=\u00bb||||||||\u00bb header_2_text_align=\u00bbcenter\u00bb header_2_letter_spacing=\u00bb1px\u00bb header_2_line_height=\u00bb1.3em\u00bb header_3_line_height=\u00bb1.4em\u00bb header_6_font=\u00bb||||||||\u00bb text_orientation=\u00bbcenter\u00bb max_width=\u00bb800px\u00bb module_alignment=\u00bbcenter\u00bb hover_enabled=\u00bb0&#8243; text_font_size_tablet=\u00bb\u00bb text_font_size_phone=\u00bb14px\u00bb text_font_size_last_edited=\u00bbon|phone\u00bb locked=\u00bboff\u00bb global_colors_info=\u00bb{}\u00bb sticky_enabled=\u00bb0&#8243;]<\/p>\n<table border=\"0\" style=\"width: 100%; border-collapse: collapse; border-style: none; margin-left: auto; margin-right: auto;\">\n<tbody>\n<tr>\n<td style=\"width: 30%;\"><strong>EL QUE DIRIGE<\/strong><\/td>\n<td style=\"width: 80%;\"><strong>SALUDAMOS A MAR\u00cdA CON LA ORACI\u00d3N QUE EL \u00c1NGEL GABRIEL LE DIRIGI\u00d3<\/strong><\/td>\n<\/tr>\n<tr>\n<td style=\"width: 30%;\"><strong>TODOS<\/strong><\/td>\n<td style=\"width: 80%;\"><strong>EN EL NOMBRE DEL PADRE, DEL HIJO Y DEL ESP\u00cdRITU SANTO. AM\u00c9N<\/strong><\/td>\n<\/tr>\n<tr>\n<td style=\"width: 30%;\"><strong>EL QUE DIRIGE<\/strong><\/td>\n<td style=\"width: 80%;\"><strong>El \u00c1ngel del Se\u00f1or anunci\u00f3 a Mar\u00eda.<\/strong><\/td>\n<\/tr>\n<tr>\n<td style=\"width: 30%;\"><strong>TODOS<\/strong><\/td>\n<td style=\"width: 80%;\"><strong>Y concibi\u00f3 por obra del Esp\u00edritu Santo.<\/strong><\/td>\n<\/tr>\n<tr>\n<td style=\"width: 30%;\"><strong>TODOS<\/strong><\/td>\n<td style=\"width: 80%;\"><strong>Dios te salve Mar\u00eda.<\/strong><\/td>\n<\/tr>\n<tr>\n<td style=\"width: 30%;\"><strong>EL QUE DIRIGE<\/strong><\/td>\n<td style=\"width: 80%;\"><strong>He aqu\u00ed la esclava del Se\u00f1or.<\/strong><\/td>\n<\/tr>\n<tr>\n<td style=\"width: 30%;\"><strong>TODOS<\/strong><\/td>\n<td style=\"width: 80%;\"><strong>H\u00e1gase en m\u00ed seg\u00fan tu palabra.<\/strong><\/td>\n<\/tr>\n<tr>\n<td style=\"width: 30%;\"><strong>TODOS<\/strong><\/td>\n<td style=\"width: 80%;\"><strong>Dios te salve Mar\u00eda.<\/strong><\/td>\n<\/tr>\n<tr>\n<td style=\"width: 30%;\"><strong>EL QUE DIRIGE<\/strong><\/td>\n<td style=\"width: 80%;\"><strong>Y el Verbo se hizo carne.<\/strong><\/td>\n<\/tr>\n<tr>\n<td style=\"width: 30%;\"><strong>TODOS<\/strong><\/td>\n<td style=\"width: 80%;\"><strong>Y habit\u00f3 entre nosotros.<\/strong><\/td>\n<\/tr>\n<tr>\n<td style=\"width: 30%;\"><strong>TODOS<\/strong><\/td>\n<td style=\"width: 80%;\"><strong>Dios te salve Mar\u00eda.<\/strong><\/td>\n<\/tr>\n<tr>\n<td style=\"width: 30%;\"><strong>EL QUE DIRIGE<\/strong><\/td>\n<td style=\"width: 80%;\"><strong>Ruega por nosotros, Santa Madre de Dios.<\/strong><\/td>\n<\/tr>\n<tr>\n<td style=\"width: 30%;\"><strong>TODOS<\/strong><\/td>\n<td style=\"width: 80%;\"><strong>Para que seamos dignos de alcanzar las promesas de Nuestro Se\u00f1or Jesucristo. AM\u00c9N<\/strong><\/td>\n<\/tr>\n<tr>\n<td style=\"width: 30%;\"><strong>TODOS<\/strong><\/td>\n<td style=\"width: 80%;\"><strong>Infunde Se\u00f1or tu gracia en nuestros corazones y al reconocer por el anuncio del \u00e1ngel la encarnaci\u00f3n de tu Hijo Jesucristo, conducidos por su pasi\u00f3n y cruz lleguemos a la gloria de la resurrecci\u00f3n por Jesucristo Nuestro Se\u00f1or. Am\u00e9n<\/strong><\/td>\n<\/tr>\n<\/tbody>\n<\/table>\n<p>[\/et_pb_text][\/et_pb_column][\/et_pb_row][\/et_pb_section][et_pb_section fb_built=\u00bb1&#8243; fullwidth=\u00bbon\u00bb _builder_version=\u00bb4.21.2&#8243; _module_preset=\u00bbdefault\u00bb locked=\u00bboff\u00bb global_colors_info=\u00bb{}\u00bb][et_pb_fullwidth_image src=\u00bbhttps:\/\/primariajuanadeasbaje.com.mx\/wp-content\/uploads\/2023\/08\/Oracion-Diaria_Mesa-de-trabajo-1.png\u00bb alt=\u00bbOracion Diaria_Mesa de trabajo 1&#8243; title_text=\u00bbOracion Diaria_Mesa de trabajo 1&#8243; _builder_version=\u00bb4.21.2&#8243; _module_preset=\u00bbdefault\u00bb global_colors_info=\u00bb{}\u00bb][\/et_pb_fullwidth_image][\/et_pb_section]<\/p>\n","protected":false},"excerpt":{"rendered":"<p>Oraci\u00f3n diaria Todos los d\u00edas a las 12:00 p.m. SE DAN TRES TOQUES DE CAMPANA Y TODOS SE PONEN DE PIE. EL QUE DIRIGE SALUDAMOS A MAR\u00cdA CON LA ORACI\u00d3N QUE EL \u00c1NGEL GABRIEL LE DIRIGI\u00d3 TODOS EN EL NOMBRE DEL PADRE, DEL HIJO Y DEL ESP\u00cdRITU SANTO. AM\u00c9N EL QUE DIRIGE El \u00c1ngel del [&hellip;]<\/p>\n","protected":false},"author":1,"featured_media":0,"parent":0,"menu_order":0,"comment_status":"closed","ping_status":"closed","template":"","meta":{"_et_pb_use_builder":"on","_et_pb_old_content":"","_et_gb_content_width":"","footnotes":""},"class_list":["post-25","page","type-page","status-publish","hentry"],"_links":{"self":[{"href":"https:\/\/primariajuanadeasbaje.com.mx\/index.php\/wp-json\/wp\/v2\/pages\/25","targetHints":{"allow":["GET"]}}],"collection":[{"href":"https:\/\/primariajuanadeasbaje.com.mx\/index.php\/wp-json\/wp\/v2\/pages"}],"about":[{"href":"https:\/\/primariajuanadeasbaje.com.mx\/index.php\/wp-json\/wp\/v2\/types\/page"}],"author":[{"embeddable":true,"href":"https:\/\/primariajuanadeasbaje.com.mx\/index.php\/wp-json\/wp\/v2\/users\/1"}],"replies":[{"embeddable":true,"href":"https:\/\/primariajuanadeasbaje.com.mx\/index.php\/wp-json\/wp\/v2\/comments?post=25"}],"version-history":[{"count":11,"href":"https:\/\/primariajuanadeasbaje.com.mx\/index.php\/wp-json\/wp\/v2\/pages\/25\/revisions"}],"predecessor-version":[{"id":339,"href":"https:\/\/primariajuanadeasbaje.com.mx\/index.php\/wp-json\/wp\/v2\/pages\/25\/revisions\/339"}],"wp:attachment":[{"href":"https:\/\/primariajuanadeasbaje.com.mx\/index.php\/wp-json\/wp\/v2\/media?parent=25"}],"curies":[{"name":"wp","href":"https:\/\/api.w.org\/{rel}","templated":true}]}}